{"id":469,"date":"2018-05-31T20:08:27","date_gmt":"2018-05-31T20:08:27","guid":{"rendered":"http:\/\/pardieirotopografia.pt\/inicio\/?page_id=469"},"modified":"2018-06-17T22:07:29","modified_gmt":"2018-06-17T22:07:29","slug":"construcao-e-arquitetura","status":"publish","type":"page","link":"https:\/\/pardieirotopografia.pt\/inicio\/construcao-e-arquitetura\/","title":{"rendered":"Constru\u00e7\u00e3o e Arquitetura"},"content":{"rendered":"<div id=\"pl-469\"  class=\"panel-layout\" ><div id=\"pg-469-0\"  class=\"panel-grid panel-has-style\" ><div class=\"siteorigin-panels-stretch panel-row-style panel-row-style-for-469-0\" style=\"padding: 0px 0; \" data-stretch-type=\"full-stretched\" data-overlay=\"true\" data-overlay-color=\"#000000\" ><div id=\"pgc-469-0-0\"  class=\"panel-grid-cell\" ><div id=\"panel-469-0-0-0\" class=\"so-panel widget widget_sow-image panel-first-child panel-last-child\" data-index=\"0\" ><div style=\"text-align: left;\" data-title-color=\"#443f3f\" data-headings-color=\"#443f3f\" class=\"panel-widget-style panel-widget-style-for-469-0-0-0\" ><div\n\t\t\t\n\t\t\tclass=\"so-widget-sow-image so-widget-sow-image-default-dbf295114b96-469\"\n\t\t\t\n\t\t>\n<div class=\"sow-image-container\">\n\t\t<img \n\tsrc=\"https:\/\/pardieirotopografia.pt\/inicio\/wp-content\/uploads\/2018\/06\/solucoes_para_contrucao.jpg\" width=\"1650\" height=\"727\" srcset=\"https:\/\/pardieirotopografia.pt\/inicio\/wp-content\/uploads\/2018\/06\/solucoes_para_contrucao.jpg 1650w, https:\/\/pardieirotopografia.pt\/inicio\/wp-content\/uploads\/2018\/06\/solucoes_para_contrucao-300x132.jpg 300w, https:\/\/pardieirotopografia.pt\/inicio\/wp-content\/uploads\/2018\/06\/solucoes_para_contrucao-768x338.jpg 768w, https:\/\/pardieirotopografia.pt\/inicio\/wp-content\/uploads\/2018\/06\/solucoes_para_contrucao-1024x451.jpg 1024w, https:\/\/pardieirotopografia.pt\/inicio\/wp-content\/uploads\/2018\/06\/solucoes_para_contrucao-830x366.jpg 830w, https:\/\/pardieirotopografia.pt\/inicio\/wp-content\/uploads\/2018\/06\/solucoes_para_contrucao-230x101.jpg 230w, https:\/\/pardieirotopografia.pt\/inicio\/wp-content\/uploads\/2018\/06\/solucoes_para_contrucao-350x154.jpg 350w, https:\/\/pardieirotopografia.pt\/inicio\/wp-content\/uploads\/2018\/06\/solucoes_para_contrucao-480x211.jpg 480w\" sizes=\"(max-width: 1650px) 100vw, 1650px\" alt=\"\" \t\tclass=\"so-widget-image\"\/>\n\t<\/div>\n\n<\/div><\/div><\/div><\/div><\/div><\/div><div id=\"pg-469-1\"  class=\"panel-grid panel-has-style\" ><div class=\"siteorigin-panels-stretch panel-row-style panel-row-style-for-469-1\" style=\"padding: 0px 0; \" data-stretch-type=\"full-stretched\" data-overlay-color=\"#000000\" ><div id=\"pgc-469-1-0\"  class=\"panel-grid-cell panel-grid-cell-empty\" ><\/div><div id=\"pgc-469-1-1\"  class=\"panel-grid-cell panel-grid-cell-mobile-last\" ><div id=\"panel-469-1-1-0\" class=\"so-panel widget widget_sow-editor panel-first-child panel-last-child\" data-index=\"1\" ><div style=\"text-align: left;\" data-title-color=\"#443f3f\" data-headings-color=\"#443f3f\" class=\"panel-widget-style panel-widget-style-for-469-1-1-0\" ><div\n\t\t\t\n\t\t\tclass=\"so-widget-sow-editor so-widget-sow-editor-base\"\n\t\t\t\n\t\t>\n<div class=\"siteorigin-widget-tinymce textwidget\">\n\t<p><span style=\"color: #74916a;\"><strong>SERVI\u00c7OS<\/strong><\/span><\/p>\n<h3 style=\"text-align: justify;\">CONSTRU\u00c7\u00c3O<br \/>\nE ARQUITETURA<\/h3>\n<p style=\"text-align: justify;\">Se trabalha no ramo da constru\u00e7\u00e3o ou arquitetura, a Monte do Pardieiro tem as compet\u00eancias para realizar os servi\u00e7os de Topografia que necessita.<\/p>\n<p>&nbsp;<\/p>\n<h5><strong>Localiza\u00e7\u00e3o e Ajustes de Limites<\/strong><\/h5>\n<p style=\"text-align: justify;\">Localizar ou ajustar os limites do seu terreno com precis\u00e3o pode ser dif\u00edcil.<\/p>\n<p style=\"text-align: justify;\">Frequentemente, os marcos de propriedade n\u00e3o existem, encontram-se destru\u00eddos ou mal identificados, o que pode conduzir a erros na demarca\u00e7\u00e3o dos terrenos, com custos muito elevados.<\/p>\n<p style=\"text-align: justify;\">A Monte do Pardieiro tem acesso aos documentos necess\u00e1rios e o equipamento adequado para demarcar o seu terreno com exatid\u00e3o. Se pretende construir uma casa ou vedar uma parcela, e n\u00e3o conhece ou tem d\u00favida quanto aos limites do seu terreno, entre em contacto!<\/p>\n<p>&nbsp;<\/p>\n<h5 style=\"text-align: justify;\"><strong>Acompanhamento e Fiscaliza\u00e7\u00e3o de Obras<\/strong><\/h5>\n<p style=\"text-align: justify;\">Para garantir que a execu\u00e7\u00e3o de uma obra obedece ao projeto e \u00e0s especifica\u00e7\u00f5es e prazos estabelecidos, \u00e9 necess\u00e1rio acompanhar e fiscalizar a obra. Presto esses servi\u00e7os, procedendo \u00e0 inspe\u00e7\u00e3o e controle t\u00e9cnicos da obra, contribuindo para a sua rentabiliza\u00e7\u00e3o econ\u00f3mica e garantia de qualidade.<\/p>\n<p style=\"text-align: justify;\">A Monte do Pardieiro acompanha diversos tipos de obras: loteamentos urbanos e industriais, vias rodovi\u00e1rias, t\u00faneis, passagens hidr\u00e1ulicas, barragens e condutas de \u00e1gua, g\u00e1s e saneamento.<\/p>\n<p>&nbsp;<\/p>\n<h5 style=\"text-align: justify;\"><strong>Telas Finais<\/strong><\/h5>\n<p style=\"text-align: justify;\">A Monte do Pardieiro presta aconselhamento e fornece a informa\u00e7\u00e3o topogr\u00e1fica necess\u00e1ria para que possa desenvolver o seu projeto de arquitetura com rigor e confian\u00e7a, e se concentre apenas no design do projeto.<\/p>\n<p style=\"text-align: justify;\">Entre os servi\u00e7os prestados, destacam-se: levantamentos topogr\u00e1ficos, levantamentos de fachadas, elabora\u00e7\u00e3o de cortes, al\u00e7ados e plantas, desenvolvimento de perfis longitudinais e transversais do terreno, e c\u00e1lculo de \u00e1reas.<\/p>\n<p>&nbsp;<\/p>\n<h5 style=\"text-align: justify;\"><strong>Levantamentos Arquitet\u00f3nicos<\/strong><\/h5>\n<p style=\"text-align: justify;\">A Monte do Pardieiro presta aconselhamento e fornece a informa\u00e7\u00e3o topogr\u00e1fica necess\u00e1ria para que possa desenvolver o seu projeto de arquitetura com rigor e confian\u00e7a, e se concentre apenas no design do projeto.<\/p>\n<p style=\"text-align: justify;\">Entre os servi\u00e7os prestados, destacam-se: levantamentos topogr\u00e1ficos, levantamentos de fachadas, elabora\u00e7\u00e3o de cortes, al\u00e7ados e plantas, desenvolvimento de perfis longitudinais e transversais do terreno, e c\u00e1lculo de \u00e1reas.<\/p>\n<p style=\"text-align: justify;\">A informa\u00e7\u00e3o pode ser entregue em 2D ou 3D, em diferentes formatos.<\/p>\n<p>&nbsp;<\/p>\n<h5 style=\"text-align: justify;\"><strong>Monitoriza\u00e7\u00e3o de Estruturas<\/strong><\/h5>\n<p style=\"text-align: justify;\">Se necessita de informa\u00e7\u00e3o rigorosa dos movimentos de estruturas ou do solo, tenho experi\u00eancia e instrumentos de alta precis\u00e3o que permitem medir posi\u00e7\u00f5es e monitorizar movimentos ao longo do tempo.<\/p>\n<p style=\"text-align: justify;\">Os resultados s\u00e3o entregues em formato f\u00edsico ou digital, podendo ser representados graficamente de forma a analisar facilmente as tend\u00eancias de movimento ao longo do tempo, e a detetar poss\u00edveis deforma\u00e7\u00f5es nas estruturas.<\/p>\n<p>&nbsp;<\/p>\n<h5 style=\"text-align: justify;\"><strong>Modela\u00e7\u00e3o de Terraplanagens e Volumes<\/strong><\/h5>\n<p style=\"text-align: justify;\">Se planeia realizar uma escava\u00e7\u00e3o ou movimenta\u00e7\u00e3o de terras, \u00e9 necess\u00e1rio modelar e determinar a quantidade de material a movimentar, de forma a or\u00e7amentar a obra e adquirir licen\u00e7as para a sua realiza\u00e7\u00e3o.<\/p>\n<p style=\"text-align: justify;\">A partir de software especializado, modela-se o perfil do terreno existente, e atrav\u00e9s de compara\u00e7\u00e3o com o modelo do terreno pretendido, obt\u00e9m-se o volume e \u00e1rea de terra a movimentar, fundamentais para a boa execu\u00e7\u00e3o dos trabalhos.<\/p>\n<p>&nbsp;<\/p>\n<h5><b>Licenciamentos (constru\u00e7\u00f5es e infraestruturas)<\/b><\/h5>\n<p style=\"text-align: justify;\">Obter uma licen\u00e7a de constru\u00e7\u00e3o \u00e9 normalmente um requisito quando se pretende construir uma casa, sendo necess\u00e1rio que a sua localiza\u00e7\u00e3o esteja em concord\u00e2ncia com os projetos aprovados.<\/p>\n<p style=\"text-align: justify;\">A Monte do Pardieiro implanta a sua casa, e uma vez constru\u00edda, mede e confirma se est\u00e1 localizada corretamente.<\/p>\n<\/div>\n<\/div><\/div><\/div><\/div><div id=\"pgc-469-1-2\"  class=\"panel-grid-cell panel-grid-cell-empty\" ><\/div><\/div><\/div><div id=\"pg-469-2\"  class=\"panel-grid panel-has-style\" ><div class=\"siteorigin-panels-stretch panel-row-style panel-row-style-for-469-2\" style=\"padding: 0px 0; \" data-stretch-type=\"full-stretched\" data-overlay=\"true\" data-overlay-color=\"#000000\" ><div id=\"pgc-469-2-0\"  class=\"panel-grid-cell\" ><div id=\"panel-469-2-0-0\" class=\"so-panel widget widget_pagesinwidgets_page_section pagesinwidgets_page_section panel-first-child panel-last-child\" data-index=\"2\" ><div style=\"text-align: left;\" data-title-color=\"#443f3f\" data-headings-color=\"#443f3f\" class=\"panel-widget-style panel-widget-style-for-469-2-0-0\" >\t\t\t<div class=\"homepage_section\">\r\n\t\t\t\t<div id=\"pl-637\"  class=\"panel-layout\" ><div id=\"pg-637-0\"  class=\"panel-grid panel-has-style\" ><div style=\"padding: 100px 0; \" data-overlay=\"true\" data-overlay-color=\"#000000\" class=\"panel-row-style panel-row-style-for-637-0\" ><div id=\"pgc-637-0-0\"  class=\"panel-grid-cell panel-grid-cell-empty\" ><\/div><div id=\"pgc-637-0-1\"  class=\"panel-grid-cell\" ><div id=\"panel-637-0-1-0\" class=\"so-panel widget widget_sow-editor panel-first-child panel-last-child\" data-index=\"0\" ><div style=\"text-align: left;\" data-title-color=\"#443f3f\" data-headings-color=\"#443f3f\" class=\"panel-widget-style panel-widget-style-for-637-0-1-0\" ><div\n\t\t\t\n\t\t\tclass=\"so-widget-sow-editor so-widget-sow-editor-base\"\n\t\t\t\n\t\t>\n<div class=\"siteorigin-widget-tinymce textwidget\">\n\t<p><a href=\"skype:acallapez?call\"><img loading=\"lazy\" decoding=\"async\" class=\"alignnone size-full wp-image-639 aligncenter\" src=\"https:\/\/pardieirotopografia.pt\/inicio\/wp-content\/uploads\/2018\/06\/dot_skype.jpg\" alt=\"\" width=\"96\" height=\"90\" \/><\/a><\/p>\n<\/div>\n<\/div><\/div><\/div><\/div><div id=\"pgc-637-0-2\"  class=\"panel-grid-cell\" ><div id=\"panel-637-0-2-0\" class=\"so-panel widget widget_sow-editor panel-first-child panel-last-child\" data-index=\"1\" ><div style=\"text-align: left;\" data-title-color=\"#443f3f\" data-headings-color=\"#443f3f\" class=\"panel-widget-style panel-widget-style-for-637-0-2-0\" ><div\n\t\t\t\n\t\t\tclass=\"so-widget-sow-editor so-widget-sow-editor-base\"\n\t\t\t\n\t\t>\n<div class=\"siteorigin-widget-tinymce textwidget\">\n\t<p><a href=\"mailto:geral@pardieirotopografia.pt\"><img loading=\"lazy\" decoding=\"async\" class=\"aligncenter wp-image-638 size-full\" src=\"https:\/\/pardieirotopografia.pt\/inicio\/wp-content\/uploads\/2018\/06\/dot_email.jpg\" alt=\"\" width=\"101\" height=\"94\" \/><\/a><\/p>\n<\/div>\n<\/div><\/div><\/div><\/div><div id=\"pgc-637-0-3\"  class=\"panel-grid-cell panel-grid-cell-mobile-last\" ><div id=\"panel-637-0-3-0\" class=\"so-panel widget widget_sow-editor panel-first-child panel-last-child\" data-index=\"2\" ><div style=\"text-align: left;\" data-title-color=\"#443f3f\" data-headings-color=\"#443f3f\" class=\"panel-widget-style panel-widget-style-for-637-0-3-0\" ><div\n\t\t\t\n\t\t\tclass=\"so-widget-sow-editor so-widget-sow-editor-base\"\n\t\t\t\n\t\t>\n<div class=\"siteorigin-widget-tinymce textwidget\">\n\t<p><a href=\"tel:+351914058515\"><img loading=\"lazy\" decoding=\"async\" class=\"alignnone size-medium wp-image-640 aligncenter\" src=\"https:\/\/pardieirotopografia.pt\/inicio\/wp-content\/uploads\/2018\/06\/dot_phone.jpg\" alt=\"\" width=\"96\" height=\"90\" \/><\/a><\/p>\n<\/div>\n<\/div><\/div><\/div><\/div><div id=\"pgc-637-0-4\"  class=\"panel-grid-cell panel-grid-cell-empty\" ><\/div><\/div><\/div><\/div>\t\t\t\t<\/div>\r\n\t\t\t<\/div><\/div><\/div><\/div><\/div><div id=\"pg-469-3\"  class=\"panel-grid panel-has-style\" ><div class=\"siteorigin-panels-stretch panel-row-style panel-row-style-for-469-3\" style=\"padding: 100px 0; \" data-stretch-type=\"full-stretched\" data-overlay=\"true\" data-overlay-color=\"#000000\" ><div id=\"pgc-469-3-0\"  class=\"panel-grid-cell\" ><div id=\"panel-469-3-0-0\" class=\"so-panel widget widget_sow-editor panel-first-child panel-last-child\" data-index=\"3\" ><div style=\"text-align: left;\" data-title-color=\"#443f3f\" data-headings-color=\"#443f3f\" class=\"panel-widget-style panel-widget-style-for-469-3-0-0\" ><div\n\t\t\t\n\t\t\tclass=\"so-widget-sow-editor so-widget-sow-editor-base\"\n\t\t\t\n\t\t>\n<div class=\"siteorigin-widget-tinymce textwidget\">\n\t<h4 style=\"text-align: center;\"><a href=\"https:\/\/pardieirotopografia.pt\/inicio\/solucoes-para-a-agricultura\/\"><span style=\"color: #77936d;\">SOLU\u00c7\u00d5ES PARA A AGRICULTURA<\/span><\/a><\/h4>\n<\/div>\n<\/div><\/div><\/div><\/div><div id=\"pgc-469-3-1\"  class=\"panel-grid-cell\" ><div id=\"panel-469-3-1-0\" class=\"so-panel widget widget_sow-editor panel-first-child panel-last-child\" data-index=\"4\" ><div style=\"text-align: left;\" data-title-color=\"#443f3f\" data-headings-color=\"#443f3f\" class=\"panel-widget-style panel-widget-style-for-469-3-1-0\" ><div\n\t\t\t\n\t\t\tclass=\"so-widget-sow-editor so-widget-sow-editor-base\"\n\t\t\t\n\t\t>\n<div class=\"siteorigin-widget-tinymce textwidget\">\n\t<h4 style=\"text-align: center;\"><span style=\"color: #ffffff;\">CONSTRU\u00c7\u00c3O E ARQUITETURA<\/span><\/h4>\n<\/div>\n<\/div><\/div><\/div><\/div><div id=\"pgc-469-3-2\"  class=\"panel-grid-cell\" ><div id=\"panel-469-3-2-0\" class=\"so-panel widget widget_sow-editor panel-first-child panel-last-child\" data-index=\"5\" ><div style=\"text-align: left;\" data-title-color=\"#443f3f\" data-headings-color=\"#443f3f\" class=\"panel-widget-style panel-widget-style-for-469-3-2-0\" ><div\n\t\t\t\n\t\t\tclass=\"so-widget-sow-editor so-widget-sow-editor-base\"\n\t\t\t\n\t\t>\n<div class=\"siteorigin-widget-tinymce textwidget\">\n\t<h4 style=\"text-align: center;\"><a href=\"https:\/\/pardieirotopografia.pt\/inicio\/e-proprietario\/\"><span style=\"color: #77936d;\">\u00c9 PROPRIET\u00c1RIO?<\/span><\/a><\/h4>\n<\/div>\n<\/div><\/div><\/div><\/div><\/div><\/div><\/div>","protected":false},"excerpt":{"rendered":"<p>SERVI\u00c7OS CONSTRU\u00c7\u00c3O E ARQUITETURA Se trabalha no ramo da constru\u00e7\u00e3o ou arquitetura, a Monte do Pardieiro tem as compet\u00eancias para realizar os servi\u00e7os de Topografia que necessita. &nbsp; Localiza\u00e7\u00e3o e Ajustes de Limites Localizar ou ajustar os limites do seu terreno com precis\u00e3o pode ser dif\u00edcil. Frequentemente, os marcos de propriedade n\u00e3o existem, encontram-se destru\u00eddos [&hellip;]<\/p>\n","protected":false},"author":3,"featured_media":0,"parent":0,"menu_order":0,"comment_status":"closed","ping_status":"closed","template":"page-templates\/page_fullwidth.php","meta":{"_joinchat":[],"footnotes":""},"class_list":["post-469","page","type-page","status-publish","hentry"],"_links":{"self":[{"href":"https:\/\/pardieirotopografia.pt\/inicio\/wp-json\/wp\/v2\/pages\/469","targetHints":{"allow":["GET"]}}],"collection":[{"href":"https:\/\/pardieirotopografia.pt\/inicio\/wp-json\/wp\/v2\/pages"}],"about":[{"href":"https:\/\/pardieirotopografia.pt\/inicio\/wp-json\/wp\/v2\/types\/page"}],"author":[{"embeddable":true,"href":"https:\/\/pardieirotopografia.pt\/inicio\/wp-json\/wp\/v2\/users\/3"}],"replies":[{"embeddable":true,"href":"https:\/\/pardieirotopografia.pt\/inicio\/wp-json\/wp\/v2\/comments?post=469"}],"version-history":[{"count":62,"href":"https:\/\/pardieirotopografia.pt\/inicio\/wp-json\/wp\/v2\/pages\/469\/revisions"}],"predecessor-version":[{"id":894,"href":"https:\/\/pardieirotopografia.pt\/inicio\/wp-json\/wp\/v2\/pages\/469\/revisions\/894"}],"wp:attachment":[{"href":"https:\/\/pardieirotopografia.pt\/inicio\/wp-json\/wp\/v2\/media?parent=469"}],"curies":[{"name":"wp","href":"https:\/\/api.w.org\/{rel}","templated":true}]}}