{"id":277,"date":"2018-05-28T22:15:34","date_gmt":"2018-05-28T22:15:34","guid":{"rendered":"http:\/\/pardieirotopografia.pt\/inicio\/?page_id=277"},"modified":"2018-06-17T22:05:08","modified_gmt":"2018-06-17T22:05:08","slug":"o-meu-perfil","status":"publish","type":"page","link":"https:\/\/pardieirotopografia.pt\/inicio\/home\/o-meu-perfil\/","title":{"rendered":"O meu perfil"},"content":{"rendered":"<div id=\"pl-277\"  class=\"panel-layout\" ><div id=\"pg-277-0\"  class=\"panel-grid panel-has-style\" ><div class=\"siteorigin-panels-stretch panel-row-style panel-row-style-for-277-0\" style=\"padding: 50px 0; \" data-stretch-type=\"full-stretched\" data-overlay=\"true\" data-overlay-color=\"#000000\" ><div id=\"pgc-277-0-0\"  class=\"panel-grid-cell panel-grid-cell-empty\" ><\/div><div id=\"pgc-277-0-1\"  class=\"panel-grid-cell panel-grid-cell-mobile-last\" ><div id=\"panel-277-0-1-0\" class=\"so-panel widget widget_sow-editor panel-first-child\" data-index=\"0\" ><div style=\"text-align: left;\" data-title-color=\"#443f3f\" data-headings-color=\"#443f3f\" class=\"panel-widget-style panel-widget-style-for-277-0-1-0\" ><div\n\t\t\t\n\t\t\tclass=\"so-widget-sow-editor so-widget-sow-editor-base\"\n\t\t\t\n\t\t>\n<div class=\"siteorigin-widget-tinymce textwidget\">\n\t<p style=\"text-align: center;\"><span style=\"color: #74916a;\"><strong>O MEU PERFIL<\/strong><\/span><\/p>\n<\/div>\n<\/div><\/div><\/div><div id=\"panel-277-0-1-1\" class=\"so-panel widget widget_sow-editor panel-last-child\" data-index=\"1\" ><div style=\"text-align: left;\" data-title-color=\"#443f3f\" data-headings-color=\"#443f3f\" class=\"panel-widget-style panel-widget-style-for-277-0-1-1\" ><div\n\t\t\t\n\t\t\tclass=\"so-widget-sow-editor so-widget-sow-editor-base\"\n\t\t\t\n\t\t>\n<div class=\"siteorigin-widget-tinymce textwidget\">\n\t<p>&nbsp;<\/p>\n<p><img loading=\"lazy\" decoding=\"async\" class=\" wp-image-315 aligncenter\" src=\"https:\/\/pardieirotopografia.pt\/inicio\/wp-content\/uploads\/2018\/05\/foto-300x300.png\" alt=\"\" width=\"234\" height=\"234\" srcset=\"https:\/\/pardieirotopografia.pt\/inicio\/wp-content\/uploads\/2018\/05\/foto-300x300.png 300w, https:\/\/pardieirotopografia.pt\/inicio\/wp-content\/uploads\/2018\/05\/foto-150x150.png 150w, https:\/\/pardieirotopografia.pt\/inicio\/wp-content\/uploads\/2018\/05\/foto-230x230.png 230w, https:\/\/pardieirotopografia.pt\/inicio\/wp-content\/uploads\/2018\/05\/foto-350x351.png 350w, https:\/\/pardieirotopografia.pt\/inicio\/wp-content\/uploads\/2018\/05\/foto-480x481.png 480w, https:\/\/pardieirotopografia.pt\/inicio\/wp-content\/uploads\/2018\/05\/foto.png 487w\" sizes=\"auto, (max-width: 234px) 100vw, 234px\" \/><\/p>\n<p style=\"text-align: center;\"><span style=\"color: #000000;\"><strong>ANT\u00d3NIO CALLAPEZ MARTINS<\/strong><\/span><br \/>\n<span style=\"color: #000000;\"><small>PARTNER<\/small><\/span><\/p>\n<p>&nbsp;<\/p>\n<h4 style=\"text-align: justify;\"><span style=\"color: #000000;\">Ol\u00e1<\/span><br \/>\n<span style=\"color: #000000;\">O meu nome \u00e9 Ant\u00f3nio Callapez Martins, tenho 37 anos e sou engenheiro top\u00f3grafo.<\/span><\/h4>\n<p style=\"text-align: justify;\"><span style=\"color: #000000;\">Depois de concluir Engenharia Topogr\u00e1fica em 2008, criei a minha\u00a0primeira empresa e paralelamente trabalhei em v\u00e1rias empresas, tendo\u00a0desenvolvido um vasto leque de atividades associado \u00e0 Topografia.<\/span><\/p>\n<p>&nbsp;<\/p>\n<p style=\"text-align: justify;\"><span style=\"color: #000000;\"><strong>Levantamentos, Nivelamentos, Implanta\u00e7\u00f5es, Volumes:<\/strong><\/span><\/p>\n<ul style=\"text-align: justify;\">\n<li><span style=\"color: #000000;\">Marcos de Estrema, Atualiza\u00e7\u00e3o de Cadernetas - Beja, Serpa, Ferreira do Alentejo<\/span><\/li>\n<li><span style=\"color: #000000;\">Rede de Rega - Santa Margarida do Sado (Campos d'\u00c1gua), Aljustrel (Grupo Valouro, Irricampo)<\/span><\/li>\n<li><span style=\"color: #000000;\">Olivais, Vinhas, Pivot - Mour\u00e3o, Vidigueira, Beja, Serpa, Ferreira do Alentejo<\/span><\/li>\n<li><span style=\"color: #000000;\">Herdades, Moradias - Alentejo (Beja, Serpa, Ferreira do Alentejo, Castro-Verde, Mour\u00e3o), Algarve (Faro, Sagres, Vila Real de Santo Ant\u00f3nio), Lisboa<\/span><\/li>\n<li><span style=\"color: #000000;\">Centros H\u00edpicos - Vilamoura (Equivents); Beja (ACOS)<\/span><\/li>\n<li><span style=\"color: #000000;\">Projeto Habitat associations of exploited fish species in the lower Amazon floodplain - Amaz\u00f3nia (IPAAM)<\/span><\/li>\n<li><span style=\"color: #000000;\">Barragens - Ferreira do Alentejo (ABORO), Beja, Aljustrel<\/span><\/li>\n<\/ul>\n<p>&nbsp;<\/p>\n<p style=\"text-align: justify;\"><span style=\"color: #000000;\"><strong>Acompanhamento Topogr\u00e1fico de Obras:<\/strong><\/span><\/p>\n<ul style=\"text-align: justify;\">\n<li><span style=\"color: #000000;\">Rede de Rega e Esgoto - Serpa e Ervidel (EDIA), emiss\u00e1rio Loures L (SIMTEJO), Sabugal (Associa\u00e7\u00e3o de Benefici\u00e1rios de Cova da Beira)<\/span><\/li>\n<li><span style=\"color: #000000;\">Moradias - Beja<\/span><\/li>\n<li><span style=\"color: #000000;\">Parque de Campismo - Castro Verde (C\u00e2mara Municipal)<\/span><\/li>\n<li><span style=\"color: #000000;\">Pr\u00e9-fabricados - Set\u00fabal (SIMARSUL)<\/span><\/li>\n<\/ul>\n<p>&nbsp;<\/p>\n<p style=\"text-align: justify;\"><span style=\"color: #000000;\"><strong>Levantamentos Arquitet\u00f3nicos:<\/strong> Beja, Cacilhas<\/span><\/p>\n<p style=\"text-align: justify;\"><span style=\"color: #000000;\"><strong>Apoio Fotogram\u00e9trico e Completagem:<\/strong> Faro, Porto<\/span><\/p>\n<p>&nbsp;<\/p>\n<p style=\"text-align: justify;\"><span style=\"color: #000000;\">Atualmente, al\u00e9m de prestar servi\u00e7o de topografia, atividade que desempenho de forma determinada e comprometida, tamb\u00e9m produzo plantas arom\u00e1ticas e medicinais biol\u00f3gicas para exporta\u00e7\u00e3o.<\/span><\/p>\n<p style=\"text-align: justify;\"><span style=\"color: #000000;\">Sou din\u00e2mico e gosto de abra\u00e7ar novos desafios que contribuam para o crescimento dos meus projetos, encarando o presente e o futuro com ousadia e confian\u00e7a.<\/span><\/p>\n<\/div>\n<\/div><\/div><\/div><\/div><div id=\"pgc-277-0-2\"  class=\"panel-grid-cell panel-grid-cell-empty\" ><\/div><\/div><\/div><div id=\"pg-277-1\"  class=\"panel-grid panel-has-style\" ><div class=\"siteorigin-panels-stretch panel-row-style panel-row-style-for-277-1\" style=\"padding: 0px 0; \" data-stretch-type=\"full-stretched\" data-overlay=\"true\" data-overlay-color=\"#000000\" ><div id=\"pgc-277-1-0\"  class=\"panel-grid-cell\" ><div id=\"panel-277-1-0-0\" class=\"so-panel widget widget_pagesinwidgets_page_section pagesinwidgets_page_section panel-first-child panel-last-child\" data-index=\"2\" ><div style=\"text-align: left;\" data-title-color=\"#443f3f\" data-headings-color=\"#443f3f\" class=\"panel-widget-style panel-widget-style-for-277-1-0-0\" >\t\t\t<div class=\"homepage_section\">\r\n\t\t\t\t<div id=\"pl-637\"  class=\"panel-layout\" ><div id=\"pg-637-0\"  class=\"panel-grid panel-has-style\" ><div style=\"padding: 100px 0; \" data-overlay=\"true\" data-overlay-color=\"#000000\" class=\"panel-row-style panel-row-style-for-637-0\" ><div id=\"pgc-637-0-0\"  class=\"panel-grid-cell panel-grid-cell-empty\" ><\/div><div id=\"pgc-637-0-1\"  class=\"panel-grid-cell\" ><div id=\"panel-637-0-1-0\" class=\"so-panel widget widget_sow-editor panel-first-child panel-last-child\" data-index=\"0\" ><div style=\"text-align: left;\" data-title-color=\"#443f3f\" data-headings-color=\"#443f3f\" class=\"panel-widget-style panel-widget-style-for-637-0-1-0\" ><div\n\t\t\t\n\t\t\tclass=\"so-widget-sow-editor so-widget-sow-editor-base\"\n\t\t\t\n\t\t>\n<div class=\"siteorigin-widget-tinymce textwidget\">\n\t<p><a href=\"skype:acallapez?call\"><img loading=\"lazy\" decoding=\"async\" class=\"alignnone size-full wp-image-639 aligncenter\" src=\"https:\/\/pardieirotopografia.pt\/inicio\/wp-content\/uploads\/2018\/06\/dot_skype.jpg\" alt=\"\" width=\"96\" height=\"90\" \/><\/a><\/p>\n<\/div>\n<\/div><\/div><\/div><\/div><div id=\"pgc-637-0-2\"  class=\"panel-grid-cell\" ><div id=\"panel-637-0-2-0\" class=\"so-panel widget widget_sow-editor panel-first-child panel-last-child\" data-index=\"1\" ><div style=\"text-align: left;\" data-title-color=\"#443f3f\" data-headings-color=\"#443f3f\" class=\"panel-widget-style panel-widget-style-for-637-0-2-0\" ><div\n\t\t\t\n\t\t\tclass=\"so-widget-sow-editor so-widget-sow-editor-base\"\n\t\t\t\n\t\t>\n<div class=\"siteorigin-widget-tinymce textwidget\">\n\t<p><a href=\"mailto:geral@pardieirotopografia.pt\"><img loading=\"lazy\" decoding=\"async\" class=\"aligncenter wp-image-638 size-full\" src=\"https:\/\/pardieirotopografia.pt\/inicio\/wp-content\/uploads\/2018\/06\/dot_email.jpg\" alt=\"\" width=\"101\" height=\"94\" \/><\/a><\/p>\n<\/div>\n<\/div><\/div><\/div><\/div><div id=\"pgc-637-0-3\"  class=\"panel-grid-cell panel-grid-cell-mobile-last\" ><div id=\"panel-637-0-3-0\" class=\"so-panel widget widget_sow-editor panel-first-child panel-last-child\" data-index=\"2\" ><div style=\"text-align: left;\" data-title-color=\"#443f3f\" data-headings-color=\"#443f3f\" class=\"panel-widget-style panel-widget-style-for-637-0-3-0\" ><div\n\t\t\t\n\t\t\tclass=\"so-widget-sow-editor so-widget-sow-editor-base\"\n\t\t\t\n\t\t>\n<div class=\"siteorigin-widget-tinymce textwidget\">\n\t<p><a href=\"tel:+351914058515\"><img loading=\"lazy\" decoding=\"async\" class=\"alignnone size-medium wp-image-640 aligncenter\" src=\"https:\/\/pardieirotopografia.pt\/inicio\/wp-content\/uploads\/2018\/06\/dot_phone.jpg\" alt=\"\" width=\"96\" height=\"90\" \/><\/a><\/p>\n<\/div>\n<\/div><\/div><\/div><\/div><div id=\"pgc-637-0-4\"  class=\"panel-grid-cell panel-grid-cell-empty\" ><\/div><\/div><\/div><\/div>\t\t\t\t<\/div>\r\n\t\t\t<\/div><\/div><\/div><\/div><\/div><\/div>","protected":false},"excerpt":{"rendered":"<p>O MEU PERFIL &nbsp; ANT\u00d3NIO CALLAPEZ MARTINS PARTNER &nbsp; Ol\u00e1 O meu nome \u00e9 Ant\u00f3nio Callapez Martins, tenho 37 anos e sou engenheiro top\u00f3grafo. Depois de concluir Engenharia Topogr\u00e1fica em 2008, criei a minha\u00a0primeira empresa e paralelamente trabalhei em v\u00e1rias empresas, tendo\u00a0desenvolvido um vasto leque de atividades associado \u00e0 Topografia. &nbsp; Levantamentos, Nivelamentos, Implanta\u00e7\u00f5es, Volumes: [&hellip;]<\/p>\n","protected":false},"author":3,"featured_media":0,"parent":9,"menu_order":0,"comment_status":"closed","ping_status":"closed","template":"page-templates\/page_fullwidth.php","meta":{"_joinchat":[],"footnotes":""},"class_list":["post-277","page","type-page","status-publish","hentry"],"_links":{"self":[{"href":"https:\/\/pardieirotopografia.pt\/inicio\/wp-json\/wp\/v2\/pages\/277","targetHints":{"allow":["GET"]}}],"collection":[{"href":"https:\/\/pardieirotopografia.pt\/inicio\/wp-json\/wp\/v2\/pages"}],"about":[{"href":"https:\/\/pardieirotopografia.pt\/inicio\/wp-json\/wp\/v2\/types\/page"}],"author":[{"embeddable":true,"href":"https:\/\/pardieirotopografia.pt\/inicio\/wp-json\/wp\/v2\/users\/3"}],"replies":[{"embeddable":true,"href":"https:\/\/pardieirotopografia.pt\/inicio\/wp-json\/wp\/v2\/comments?post=277"}],"version-history":[{"count":70,"href":"https:\/\/pardieirotopografia.pt\/inicio\/wp-json\/wp\/v2\/pages\/277\/revisions"}],"predecessor-version":[{"id":886,"href":"https:\/\/pardieirotopografia.pt\/inicio\/wp-json\/wp\/v2\/pages\/277\/revisions\/886"}],"up":[{"embeddable":true,"href":"https:\/\/pardieirotopografia.pt\/inicio\/wp-json\/wp\/v2\/pages\/9"}],"wp:attachment":[{"href":"https:\/\/pardieirotopografia.pt\/inicio\/wp-json\/wp\/v2\/media?parent=277"}],"curies":[{"name":"wp","href":"https:\/\/api.w.org\/{rel}","templated":true}]}}